f a/20 + 122/4?
31
Let u(p) = -61*p + 7. What are the prime factors of u(-4)?
251
Suppose -3*v - 5*c = -202, -v - 5*c - 4 = -88. What are the prime factors of v?
59
Suppose 0 = 2*p + p - 12. Suppose p*g + 12 = 4*d, 8 = 5*d - 2*g - 7. Suppose -40 = -5*c - d*o, 5*c + 14 = 4*o + 89. What are the prime factors of c?
11
Suppose 5*s + 29 = 2*t, 0 = 4*t - 3*s - 32 + 9. Let g = t - 4. Let p = 8 - g. List the prime factors of p.
2, 5
Let s(g) = -g + 9. Let v(d) = -d**3 - d**2 - d + 6. Let q be v(0). Let i be s(q). Suppose j + i = 7. List the prime factors of j.
2
Let w(q) be the third derivative of -q**6/120 + q**5/60 + 19*q**3/6 - 2*q**2. List the prime factors of w(0).
19
Let h be (24 - 26) + 5*1. Suppose 4*x - 5*c = 3, 2*x - 5*x + 9 = 3*c. Suppose 0 = h*r + x + 10, -3*n = 4*r + 10. List the prime factors of n.
2
Let v(s) = -2*s - 1. What are the prime factors of v(-18)?
5, 7
List the prime factors of (-1311)/(-7) + 9/((-189)/6).
11, 17
Let n be (-6)/(-30) + (-149)/(-5). Suppose 3*l = -15, -4*a - a + n = -l. Suppose 0 = -4*c + 5*z + 55, 2*z - 2 = a*c - 75. What are the prime factors of c?
3, 5
What are the prime factors of (-10410)/(-120) - (-5)/4?
2, 11
Let t = 2 - -1. Suppose 2 = w - 2*w, -t*m = -5*w - 16. Suppose 0 = 5*k + m*n - 53, 4*k - 5*n = 3*k - 11. List the prime factors of k.
3
Let r be (-27)/(-45) - (-72)/5. Suppose 2*d - r - 31 = 0. What are the prime factors of d?
23
What are the prime factors of (-10*25)/(0 - 1) - -2?
2, 3, 7
Let a = -133 + 212. What are the prime factors of a?
79
Let r = -18 - -42. List the prime factors of r.
2, 3
What are the prime factors of 2 + -2 + 0 - -76?
2, 19
Let r = -11 - -16. Let y(m) = 9*m - 7. What are the prime factors of y(r)?
2, 19
Let r(t) = 31*t**2 + 7. Let j(i) = -61*i**2 - 13. Let m(s) = -6*j(s) - 11*r(s). List the prime factors of m(-1).
2, 13
Suppose -14 = 4*q + 5*c, q + 2 + 2 = -c. Let u be (92/q)/((-2)/3). Suppose 5*k - u - 22 = 0. List the prime factors of k.
3
Suppose -4*r = -2*p - 2*r + 118, 0 = -p - 2*r + 47. What are the prime factors of p?
5, 11
Suppose -4*v - 4*m + 108 = 0, -113 - 29 = -5*v + 2*m. What are the prime factors of v?
2, 7
Let m(g) = g**2 - 5*g - 3. Let b be m(6). Suppose -h = b*h - 52. What are the prime factors of h?
13
Let n = 4 - 6. Let u(w) = -3*w + 1. Let v be u(n). Suppose a = -1 + v. What are the prime factors of a?
2, 3
Let r(b) = 2*b**2 + 4*b + 15. List the prime factors of r(6).
3, 37
List the prime factors of (1 - (-20)/(-8))*-18.
3
Let t(a) = -5 - a + a**3 + 6*a - a**2 + 6*a**2 - 3*a. List the prime factors of t(-4).
3
Let l be (0 - -3)/3*-7. List the prime factors of (2 - -2)/((-2)/l).
2, 7
Suppose 0*z + 3*z = 15, -z = 5*l - 85. Suppose -2*r + 3*r = l. What are the prime factors of r?
2
Let t(p) = -p**2 + 10*p - 4. Let d be t(8). Let r = -4 + d. Let y = r + -4. What are the prime factors of y?
2
Let c be (3 - 4)*-117 - 2. Suppose 4*q - 10 = -n + c, -2*q = 2*n - 64. What are the prime factors of q?
31
Let b(x) = -5*x**2. Let o be b(1). Let z = 10 + o. What are the prime factors of z?
5
Suppose 4*a + 65 = 3*x, -2*x + 0*x + 40 = -a. List the prime factors of x.
19
Suppose -p - 4 = 0, -15 = -3*d + p + 211. What are the prime factors of d?
2, 37
Suppose 0 = 2*x - 5*m - 137, 3*m - 76 = -3*x + 77. What are the prime factors of x?
2, 7
Let v(j) be the third derivative of -j**6/120 + j**5/12 + j**4/4 - 2*j**2. Let l be v(6). Suppose -2*b + 8 = -l*b. What are the prime factors of b?
2
List the prime factors of (-816)/16*2/(-3).
2, 17
Let g(z) = z**2 - 5*z + 2. Let o be g(5). Let a be ((0 - 2) + o)/1. Suppose -y + 3*n + 8 = -7, a = -n - 3. What are the prime factors of y?
2, 3
Let i(j) be the third derivative of j**4/24 + j**3/3 - 2*j**2. What are the prime factors of i(6)?
2
Suppose 0 = 4*z + 7 + 5. Let u = z + 3. Suppose s - 3 - 4 = u. List the prime factors of s.
7
Let p = 200 - 32. List the prime factors of p.
2, 3, 7
Suppose -21 = -5*a - 3*n + 2*n, 3*a - n = 11. Let t(o) = -o**3 + 5*o**2 - o - 4. Let h be t(4). Suppose a*d - 2*d - h = 0. List the prime factors of d.
2
Let n = -8 + 10. Let w = n + 3. What are the prime factors of w?
5
Let h(l) = 2*l**2 + 6*l - 1. Let w be h(5). Suppose 4*m - 3*i = 72, 9*m - 4*m - i = w. Suppose -3*o = s - 35, -m = -4*o + 6*s - s. List the prime factors of o.
2, 5
Let p be ((-2)/3)/(10/(-465)). Suppose -2*i - 3*i = -170. Suppose 5*f - i = p. What are the prime factors of f?
13
Let y(d) = -3*d. Let f be y(2). What are the prime factors of 2 - f*(-3)/(-3)?
2
Let k(q) = 3*q**2 + 3*q - 1. List the prime factors of k(2).
17
Let b be (0 + (-2)/6)*-3. Let d = b + 19. What are the prime factors of d?
2, 5
Suppose -14 + 5 = 3*s. Let v(y) = -2*y - 2. List the prime factors of v(s).
2
Suppose -5*n = -3*c + 29, -4*c + 34 = 4*n + 6. Suppose -10 = -c*g + 3*g. List the prime factors of g.
2
Let b(x) = 4*x**2 + 0*x - 1 + 2*x + 0. Let m = -5 - -3. List the prime factors of b(m).
11
Let u(r) = 59*r**2 + 1. Let x be u(-1). Suppose x = -0*n + 4*n. What are the prime factors of n?
3, 5
Let j = 238 + -140. List the prime factors of j.
2, 7
Let d be (-5)/(-35) + (-1)/7. Suppose 3*w + d*w + o - 66 = 0, -5*w - 5*o = -110. List the prime factors of w.
2, 11
Suppose -4*m = -2*a - 136, -3*m = -0*a - 2*a - 100. What are the prime factors of m?
2, 3
Suppose 3*g + 1044 = 15*g. List the prime factors of g.
3, 29
Let g = 431 - 275. List the prime factors of g.
2, 3, 13
Suppose -5*w + 10*w = 15. Suppose 0 = u + w*u - 4. Let d(p) = 13*p - 1. What are the prime factors of d(u)?
2, 3
Suppose -5*h - 90 = -8*h. Suppose 5*j = t - 12, -4*t + 2*j + h + 0 = 0. List the prime factors of t.
7
Let p = -21 - -113. List the prime factors of p.
2, 23
List the prime factors of 2*54/4*(-9)/(-9).
3
Let l(a) = a + 7. Let c be l(-6). Suppose 5*f + z + 4*z = -15, 2*f + 16 = -4*z. Let d = f + c. List the prime factors of d.
3
Let l(o) = o**3 - 4*o**2 + 8*o - 20. What are the prime factors of l(6)?
2, 5
Suppose -5*i - 5*s = -0*i - 10, i = s + 6. Suppose -i*c + 21 = -47. List the prime factors of c.
17
Suppose -22*l + 17*l + 1345 = 0. List the prime factors of l.
269
Let a(k) = k**2 - k + 28. What are the prime factors of a(0)?
2, 7
Suppose 0 = -36*z + 33*z + 219. What are the prime factors of z?
73
Let v be ((-2)/6)/((-3)/90). Suppose w = 3*l + v, -3*l + 56 = 2*w - 0*l. Let h = -10 + w. List the prime factors of h.
2, 3
Let q(m) = 21*m - 1. Let o be q(2). Let y(r) = r - 2. Let u be y(11). Suppose u - o = -4*c. What are the prime factors of c?
2
Let v be (2/6)/(2/6). Let w(y) be the second derivative of y**4/3 + y**3/3 - y**2/2 - y. List the prime factors of w(v).
5
Let r = 85 + -51. List the prime factors of r.
2, 17
Let h(l) = -3*l**3 + 2*l**3 - 5 - 6*l**2 - 1 + 4*l. What are the prime factors of h(-7)?
3, 5
Suppose 0 = -h - d - 29, 2*h - 5*h = -4*d + 101. Let g = h - -43. Let q = g + -2. List the prime factors of q.
2, 5
Let k = -154 + 289. List the prime factors of k.
3, 5
Let p(t) = 2*t**2 - 6*t + 13. What are the prime factors of p(-6)?
11
Let n(x) = -4*x**3 - 5*x**2 - 4*x - 4. Let i(c) = 21*c**3 + 26*c**2 + 21*c + 21. Let b(y) = 2*i(y) + 11*n(y). List the prime factors of b(-2).
2, 3
Suppose 0 = 4*p - 5*p + 1. Let s be p/3 + (-42)/(-9). Let k = s + -3. List the prime factors of k.
2
Suppose -94 = -2*q - 2*c, -5*c - 3 = q - 66. List the prime factors of q.
43
Let f = 3 + -3. Suppose u - 5*u + 12 = f. Let d = u - -2. What are the prime factors of d?
5
Suppose -5*t - t + 204 = 0. List the prime factors of t.
2, 17
Let v(s) = -s**3 + 3*s**2 + 5*s + 2. Let y be v(4). Let d(t) = -t**2 + 10*t + 4. List the prime factors of d(y).
2, 7
Let f(v) = v**2 - 15*v - 12. Let r be f(16). Let n = -9 + 14. Suppose -n*s - r*l + 38 = 0, 3*s = -s - 3*l + 31. What are the prime factors of s?
2, 5
Suppose 0*i = -2*i + 26. Suppose -5*l + 2 = 4*o, o + 0*o - 13 = 5*l. Suppose i = o*t + 2*k, -2*k - 3 = t - 5*k. List the prime factors of t.
3
List the prime factors of 12/(-30) + (-514)/(-10).
3, 17
Let q(c) = c**2 + 5*c + 5. Suppose 0 = -4*t - 0 - 20. List the prime factors of q(t).
5
Let f(s) = -24*s**3 + s - 2 + 25*s**3 + 2*s**2 - 3*s. What are the prime factors of f(-2)?
2
Let z = 132 + -39. List the prime factors of z.
3, 31
Suppose -267 = -5*k - 42. List the prime factors of k.
3, 5
Let n be 11/(-4) - (-2)